What is the units digit of 888943193?
3
What is the hundreds digit of 232713986?
9
What is the ten thousands digit of 11689614?
8
What is the thousands digit of 120633687?
3
What is the units digit of 242694521?
1
What is the tens digit of 77079168?
6
What is the millions digit of 15626270?
5
What is the hundred millions digit of 535850774?
5
What is the thousands digit of 40346415?
6
What is the thousands digit of 105444161?
4
What is the units digit of 90731512?
2
What is the hundreds digit of 8508614463?
4
What is the ten millions digit of 83194575?
8
What is the thousands digit of 208962595?
2
What is the ten millions digit of 27431314?
2
What is the units digit of 35284241?
1
What is the ten thousands digit of 39502757?
0
What is the thousands digit of 843360911?
0
What is the thousands digit of 1348075933?
5
What is the units digit of 3304708?
8
What is the ten millions digit of 280355385?
8
What is the units digit of 1072476357?
7
What is the ten thousands digit of 116274934?
7
What is the units digit of 1524980411?
1
What is the hundreds digit of 1628226684?
6
What is the hundred millions digit of 1765869658?
7
What is the units digit of 7407702105?
5
What is the ten millions digit of 34240336?
3
What is the ten millions digit of 3090279277?
9
What is the ten millions digit of 1586118952?
8
What is the tens digit of 412601034?
3
What is the thousands digit of 1492879980?
9
What is the ten thousands digit of 42472826?
7
What is the ten thousands digit of 16866250?
6
What is the thousands digit of 1281317897?
7
What is the tens digit of 122657227?
2
What is the billions digit of 2768035883?
2
What is the thousands digit of 890146573?
6
What is the ten millions digit of 143191174?
4
What is the millions digit of 81052171?
1
What is the hundreds digit of 3490666109?
1
What is the hundred millions digit of 287505036?
2
What is the tens digit of 209764506?
0
What is the millions digit of 498584267?
8
What is the tens digit of 128066934?
3
What is the hundred millions digit of 412356238?
4
What is the units digit of 163068306?
6
What is the units digit of 102933046?
6
What is the thousands digit of 128600842?
0
What is the hundreds digit of 77642884?
8
What is the thousands digit of 126710522?
0
What is the units digit of 189015693?
3
What is the ten thousands digit of 727299545?
9
What is the thousands digit of 2554750504?
0
What is the hundred millions digit of 123173267?
1
What is the ten millions digit of 3302318545?
0
What is the units digit of 5026704714?
4
What is the tens digit of 588566010?
1
What is the units digit of 1391441760?
0
What is the ten thousands digit of 41959470?
5
What is the ten thousands digit of 77229101?
2
What is the ten millions digit of 3141651124?
4
What is the thousands digit of 9844005?
4
What is the tens digit of 748451105?
0
What is the tens digit of 653215769?
6
What is the ten millions digit of 56039493?
5
What is the ten millions digit of 22541356?
2
What is the ten millions digit of 574963282?
7
What is the hundreds digit of 2889759208?
2
What is the ten millions digit of 250595694?
5
What is the ten millions digit of 596886689?
9
What is the hundreds digit of 2029867074?
0
What is the ten millions digit of 2806540817?
0
What is the hundreds digit of 537862895?
8
What is the hundreds digit of 49761066?
0
What is the hundreds digit of 754888080?
0
What is the hundred millions digit of 4364638743?
3
What is the thousands digit of 1022372717?
2
What is the hundreds digit of 173643128?
1
What is the units digit of 487696666?
6
What is the tens digit of 290166104?
0
What is the tens digit of 1653539007?
0
What is the ten millions digit of 34099775?
3
What is the thousands digit of 4511649177?
9
What is the units digit of 44517195?
5
What is the hundred thousands digit of 1332883421?
8
What is the ten thousands digit of 11359807?
5
What is the thousands digit of 1261343342?
3
What is the ten millions digit of 1027778151?
2
What is the units digit of 153273261?
1
What is the tens digit of 5276834605?
0
What is the ten thousands digit of 680195244?
9
What is the ten thousands digit of 1643300173?
0
What is the tens digit of 458484915?
1
What is the thousands digit of 17140389?
0
What is the ten thousands digit of 281165750?
6
What is the units digit of 623447024?
4
What is the tens digit of 5515522?
2
What is the thousands digit of 5504903?
4
What is the hundreds digit of 104000358?
3
What is the ten millions digit of 1129975148?
2
What is the ten thousands digit of 485675448?
7
What is the ten thousands digit of 2649727425?
2
What is the millions digit of 1847190227?
7
What is the tens digit of 165976146?
4
What is the hundred thousands digit of 137839856?
8
What is the hundreds digit of 581389497?
4
What is the hundred millions digit of 113739302?
1
What is the tens digit of 1888115285?
8
What is the tens digit of 49090547?
4
What is the ten millions digit of 257116100?
5
What is the ten millions digit of 14447977?
1
What is the ten thousands digit of 1269093762?
9
What is the ten thousands digit of 1373522611?
2
What is the billions digit of 2764950894?
2
What is the ten millions digit of 65865507?
6
What is the tens digit of 86411708?
0
What is the hundred thousands digit of 126327091?
3
What is the hundreds digit of 2529557447?
4
What is the ten millions digit of 56323999?
5
What is the tens digit of 63275453?
5
What is the hundreds digit of 65053766?
7
What is the hundreds digit of 51170500?
5
What is the ten thousands digit of 774809593?
0
What is the hundred millions digit of 130685694?
1
What is the ten millions digit of 1520712076?
2
What is the ten millions digit of 65016608?
6
What is the ten millions digit of 237722697?
3
What is the thousands digit of 64132156?
2
What is the tens digit of 581246530?
3
What is the millions digit of 112726520?
2
What is the hundred thousands digit of 131977970?
9
What is the hundred millions digit of 1680704893?
6
What is the ten thousands digit of 63376539?
7
What is the millions digit of 367172474?
7
What is the ten millions digit of 807598034?
0
What is the hundreds digit of 49257756?
7
What is the hundreds digit of 84251761?
7
What is the hundred thousands digit of 790974663?
9
What is the ten millions digit of 99823993?
9
What is the millions digit of 80607408?
0
What is the hundred millions digit of 928489996?
9
What is the millions digit of 132013185?
2
What is the units digit of 101982035?
5
What is the millions digit of 71357962?
1
What is the millions digit of 2965323?
2
What is the ten thousands digit of 12486332?
8
What is the ten millions digit of 78086312?
7
What is the millions digit of 23072784?
3
What is the hundred millions digit of 226930547?
2
What is the units digit of 172970492?
2
What is the units digit of 52194379?
9
What is the tens digit of 122377201?
0
What is the hundreds digit of 468233477?
4
What is the ten thousands digit of 1497282889?
8
What is the thousands digit of 30174818?
4
What is the thousands digit of 51225742?
5
What is the ten thousands digit of 4907288614?
8
What is the ten millions digit of 394463047?
9
What is the hundred millions digit of 565111345?
5
What is the units digit of 651717672?
2
What is the hundred thousands digit of 40604035?
6
What is the ten millions digit of 63154295?
6
What is the hundred thousands digit of 251060594?
0
What is the millions digit of 89982176?
9
What is the ten millions digit of 23851498?
2
What is the tens digit of 128434040?
4
What is the units digit of 49656475?
5
What is the hundred thousands digit of 6789674303?
6
What is the ten thousands digit of 946052225?
5
What is the millions digit of 1119324?
1
What is the hundreds digit of 73223380?
3
What is the units digit of 1429253350?
0
What is the ten thousands digit of 61356338?
5
What is the ten millions digit of 311672453?
1
What is the units digit of 315817020?
0
What is the hundreds digit of 52436691?
6
What is the hundred thousands digit of 80381647?
3
What is the ten thousands digit of 167578933?
7
What is the thousands digit of 7602555?
2
What is the millions digit of 608960458?
8
What is the millions digit of 217883056?
7
What is the billions digit of 5964644269?
5
What is the thousands digit of 620620906?
0
What is the m